{"id":215,"date":"2020-03-19T14:48:23","date_gmt":"2020-03-19T14:48:23","guid":{"rendered":"https:\/\/familienklasse.ch\/?page_id=215"},"modified":"2025-09-01T18:31:07","modified_gmt":"2025-09-01T18:31:07","slug":"landing-page","status":"publish","type":"page","link":"https:\/\/familienklasse.ch\/","title":{"rendered":"Landing-Page"},"content":{"rendered":"\t\t<div data-elementor-type=\"wp-page\" data-elementor-id=\"215\" class=\"elementor elementor-215\">\n\t\t\t\t\t\t<section class=\"elementor-section elementor-top-section elementor-element elementor-element-0826c70 elementor-section-boxed elementor-section-height-default elementor-section-height-default\" data-id=\"0826c70\" data-element_type=\"section\">\n\t\t\t\t\t\t<div class=\"elementor-container elementor-column-gap-default\">\n\t\t\t\t\t<div class=\"elementor-column elementor-col-100 elementor-top-column elementor-element elementor-element-f253f63\" data-id=\"f253f63\" data-element_type=\"column\">\n\t\t\t<div class=\"elementor-widget-wrap elementor-element-populated\">\n\t\t\t\t\t\t<section class=\"elementor-section elementor-inner-section elementor-element elementor-element-52c3f4c elementor-section-boxed elementor-section-height-default elementor-section-height-default\" data-id=\"52c3f4c\" data-element_type=\"section\">\n\t\t\t\t\t\t<div class=\"elementor-container elementor-column-gap-default\">\n\t\t\t\t\t<div class=\"elementor-column elementor-col-33 elementor-inner-column elementor-element elementor-element-6edfd53\" data-id=\"6edfd53\" data-element_type=\"column\">\n\t\t\t<div class=\"elementor-widget-wrap elementor-element-populated\">\n\t\t\t\t\t\t<div class=\"elementor-element elementor-element-4a1ccc6 elementor-widget elementor-widget-image\" data-id=\"4a1ccc6\" data-element_type=\"widget\" data-widget_type=\"image.default\">\n\t\t\t\t<div class=\"elementor-widget-container\">\n\t\t\t\t\t\t\t\t\t\t\t\t\t\t\t\t<a href=\"https:\/\/www.stadt-zuerich.ch\/ssd\/de\/index\/volksschule\/schulkreise_kreisschulbehoerden\/limmattal\/schulen.html\" target=\"_blank\">\n\t\t\t\t\t\t\t<img decoding=\"async\" width=\"300\" height=\"35\" src=\"https:\/\/familienklasse.ch\/wp-content\/uploads\/2020\/03\/KSB-Logo-300x35.png\" class=\"attachment-medium size-medium wp-image-168\" alt=\"\" srcset=\"https:\/\/familienklasse.ch\/wp-content\/uploads\/2020\/03\/KSB-Logo-300x35.png 300w, https:\/\/familienklasse.ch\/wp-content\/uploads\/2020\/03\/KSB-Logo.png 578w\" sizes=\"(max-width: 300px) 100vw, 300px\" \/>\t\t\t\t\t\t\t\t<\/a>\n\t\t\t\t\t\t\t\t\t\t\t\t\t\t\t<\/div>\n\t\t\t\t<\/div>\n\t\t\t\t\t<\/div>\n\t\t<\/div>\n\t\t\t\t<div class=\"elementor-column elementor-col-33 elementor-inner-column elementor-element elementor-element-f491e68\" data-id=\"f491e68\" data-element_type=\"column\">\n\t\t\t<div class=\"elementor-widget-wrap elementor-element-populated\">\n\t\t\t\t\t\t<div class=\"elementor-element elementor-element-6d8501a elementor-widget elementor-widget-image\" data-id=\"6d8501a\" data-element_type=\"widget\" data-widget_type=\"image.default\">\n\t\t\t\t<div class=\"elementor-widget-container\">\n\t\t\t\t\t\t\t\t\t\t\t\t\t\t\t<img fetchpriority=\"high\" decoding=\"async\" width=\"300\" height=\"188\" src=\"https:\/\/familienklasse.ch\/wp-content\/uploads\/2020\/03\/cropped-Logo-Familienklasse-300x188.jpg\" class=\"attachment-medium size-medium wp-image-170\" alt=\"\" srcset=\"https:\/\/familienklasse.ch\/wp-content\/uploads\/2020\/03\/cropped-Logo-Familienklasse-300x188.jpg 300w, https:\/\/familienklasse.ch\/wp-content\/uploads\/2020\/03\/cropped-Logo-Familienklasse-1024x640.jpg 1024w, https:\/\/familienklasse.ch\/wp-content\/uploads\/2020\/03\/cropped-Logo-Familienklasse-768x480.jpg 768w, https:\/\/familienklasse.ch\/wp-content\/uploads\/2020\/03\/cropped-Logo-Familienklasse-1536x960.jpg 1536w, https:\/\/familienklasse.ch\/wp-content\/uploads\/2020\/03\/cropped-Logo-Familienklasse.jpg 1600w\" sizes=\"(max-width: 300px) 100vw, 300px\" \/>\t\t\t\t\t\t\t\t\t\t\t\t\t\t\t<\/div>\n\t\t\t\t<\/div>\n\t\t\t\t\t<\/div>\n\t\t<\/div>\n\t\t\t\t<div class=\"elementor-column elementor-col-33 elementor-inner-column elementor-element elementor-element-be200b3\" data-id=\"be200b3\" data-element_type=\"column\">\n\t\t\t<div class=\"elementor-widget-wrap elementor-element-populated\">\n\t\t\t\t\t\t<div class=\"elementor-element elementor-element-6bb2705 elementor-widget elementor-widget-image\" data-id=\"6bb2705\" data-element_type=\"widget\" data-widget_type=\"image.default\">\n\t\t\t\t<div class=\"elementor-widget-container\">\n\t\t\t\t\t\t\t\t\t\t\t\t\t\t\t\t<a href=\"https:\/\/www.multifamilienarbeit.ch\/\" target=\"_blank\">\n\t\t\t\t\t\t\t<img decoding=\"async\" width=\"1024\" height=\"206\" src=\"https:\/\/familienklasse.ch\/wp-content\/uploads\/2020\/03\/Logo-Dachverband-1024x206.png\" class=\"attachment-large size-large wp-image-169\" alt=\"\" srcset=\"https:\/\/familienklasse.ch\/wp-content\/uploads\/2020\/03\/Logo-Dachverband-1024x206.png 1024w, https:\/\/familienklasse.ch\/wp-content\/uploads\/2020\/03\/Logo-Dachverband-300x60.png 300w, https:\/\/familienklasse.ch\/wp-content\/uploads\/2020\/03\/Logo-Dachverband-768x155.png 768w, https:\/\/familienklasse.ch\/wp-content\/uploads\/2020\/03\/Logo-Dachverband.png 1500w\" sizes=\"(max-width: 1024px) 100vw, 1024px\" \/>\t\t\t\t\t\t\t\t<\/a>\n\t\t\t\t\t\t\t\t\t\t\t\t\t\t\t<\/div>\n\t\t\t\t<\/div>\n\t\t\t\t\t<\/div>\n\t\t<\/div>\n\t\t\t\t\t<\/div>\n\t\t<\/section>\n\t\t\t\t<div class=\"elementor-element elementor-element-d3a4960 elementor-widget elementor-widget-image\" data-id=\"d3a4960\" data-element_type=\"widget\" data-widget_type=\"image.default\">\n\t\t\t\t<div class=\"elementor-widget-container\">\n\t\t\t\t\t\t\t\t\t\t\t\t\t\t\t<img loading=\"lazy\" decoding=\"async\" width=\"1024\" height=\"576\" src=\"https:\/\/familienklasse.ch\/wp-content\/uploads\/2020\/03\/pencil-1486278_1920-1024x576.jpg\" class=\"attachment-large size-large wp-image-218\" alt=\"\" srcset=\"https:\/\/familienklasse.ch\/wp-content\/uploads\/2020\/03\/pencil-1486278_1920-1024x576.jpg 1024w, https:\/\/familienklasse.ch\/wp-content\/uploads\/2020\/03\/pencil-1486278_1920-300x169.jpg 300w, https:\/\/familienklasse.ch\/wp-content\/uploads\/2020\/03\/pencil-1486278_1920-768x432.jpg 768w, https:\/\/familienklasse.ch\/wp-content\/uploads\/2020\/03\/pencil-1486278_1920-1536x864.jpg 1536w, https:\/\/familienklasse.ch\/wp-content\/uploads\/2020\/03\/pencil-1486278_1920.jpg 1920w\" sizes=\"(max-width: 1024px) 100vw, 1024px\" \/>\t\t\t\t\t\t\t\t\t\t\t\t\t\t\t<\/div>\n\t\t\t\t<\/div>\n\t\t\t\t<div class=\"elementor-element elementor-element-5108bdf elementor-widget elementor-widget-heading\" data-id=\"5108bdf\" data-element_type=\"widget\" data-widget_type=\"heading.default\">\n\t\t\t\t<div class=\"elementor-widget-container\">\n\t\t\t\t\t<h2 class=\"elementor-heading-title elementor-size-default\">Familienklasse Limmattal - Familien sind Klasse!<\/h2>\t\t\t\t<\/div>\n\t\t\t\t<\/div>\n\t\t\t\t<div class=\"elementor-element elementor-element-524f79e elementor-widget elementor-widget-text-editor\" data-id=\"524f79e\" data-element_type=\"widget\" data-widget_type=\"text-editor.default\">\n\t\t\t\t<div class=\"elementor-widget-container\">\n\t\t\t\t\t\t\t\t\t<h3 style=\"text-align: center;\">Sie m\u00f6chten mehr \u00fcber das Angebot erfahren? Klicken Sie <a href=\"https:\/\/familienklasse.ch\/wp-content\/uploads\/2025\/09\/Praesentation-Familienklasse-25.pdf\">hier<\/a>.<\/h3>\t\t\t\t\t\t\t\t<\/div>\n\t\t\t\t<\/div>\n\t\t\t\t<div class=\"elementor-element elementor-element-2933761 elementor-widget elementor-widget-text-editor\" data-id=\"2933761\" data-element_type=\"widget\" data-widget_type=\"text-editor.default\">\n\t\t\t\t<div class=\"elementor-widget-container\">\n\t\t\t\t\t\t\t\t\t<p style=\"text-align: center;\">Haben Sie Interesse an einer Teilnahme? <br \/>Melden Sie sich direkt bei uns oder \u00fcber die Klassenlehrperson Ihres Kindes.<br \/>Gerne stellen wir Ihnen unser Angebot unverbindlich vor.\u00a0\u00a0\u00a0\u00a0\u00a0\u00a0\u00a0\u00a0\u00a0\u00a0\u00a0\u00a0\u00a0\u00a0\u00a0\u00a0\u00a0\u00a0\u00a0\u00a0\u00a0\u00a0 \u00a0<br \/>Eva Schilling, Elisa Ruoff, Familienklasse Limmattal<br \/><a href=\"mailto:elisa.ruoff@schulen.zuerich.ch\">elisa.ruoff@schulen.zuerich.ch<\/a> | <a href=\"mailto:eva.schilling@schulen.zuerich.ch\">eva.schilling@schulen.zuerich.ch<\/a><\/p>\t\t\t\t\t\t\t\t<\/div>\n\t\t\t\t<\/div>\n\t\t\t\t<div class=\"elementor-element elementor-element-d9b6bdb elementor-widget elementor-widget-text-editor\" data-id=\"d9b6bdb\" data-element_type=\"widget\" data-widget_type=\"text-editor.default\">\n\t\t\t\t<div class=\"elementor-widget-container\">\n\t\t\t\t\t\t\t\t\t<h5 align=\"CENTER\"><strong>Familienklasse-Familien:<\/strong><br \/><br \/><strong><a href=\"https:\/\/familienklasse.ch\/?page_id=226\">Hier<\/a> ist der Zugang zum internen Bereich.<\/strong><\/h5>\t\t\t\t\t\t\t\t<\/div>\n\t\t\t\t<\/div>\n\t\t\t\t<div class=\"elementor-element elementor-element-790b07f elementor-widget elementor-widget-image\" data-id=\"790b07f\" data-element_type=\"widget\" data-widget_type=\"image.default\">\n\t\t\t\t<div class=\"elementor-widget-container\">\n\t\t\t\t\t\t\t\t\t\t\t\t\t\t\t<img loading=\"lazy\" decoding=\"async\" width=\"768\" height=\"651\" src=\"https:\/\/familienklasse.ch\/wp-content\/uploads\/2023\/09\/Bild-2023-768x651.jpg\" class=\"attachment-medium_large size-medium_large wp-image-574\" alt=\"\" srcset=\"https:\/\/familienklasse.ch\/wp-content\/uploads\/2023\/09\/Bild-2023-768x651.jpg 768w, https:\/\/familienklasse.ch\/wp-content\/uploads\/2023\/09\/Bild-2023-300x254.jpg 300w, https:\/\/familienklasse.ch\/wp-content\/uploads\/2023\/09\/Bild-2023-1024x868.jpg 1024w, https:\/\/familienklasse.ch\/wp-content\/uploads\/2023\/09\/Bild-2023-1536x1302.jpg 1536w, https:\/\/familienklasse.ch\/wp-content\/uploads\/2023\/09\/Bild-2023.jpg 2012w\" sizes=\"(max-width: 768px) 100vw, 768px\" \/>\t\t\t\t\t\t\t\t\t\t\t\t\t\t\t<\/div>\n\t\t\t\t<\/div>\n\t\t\t\t\t<\/div>\n\t\t<\/div>\n\t\t\t\t\t<\/div>\n\t\t<\/section>\n\t\t\t\t<section class=\"elementor-section elementor-top-section elementor-element elementor-element-62fe466 elementor-section-boxed elementor-section-height-default elementor-section-height-default\" data-id=\"62fe466\" data-element_type=\"section\">\n\t\t\t\t\t\t<div class=\"elementor-container elementor-column-gap-default\">\n\t\t\t\t\t<div class=\"elementor-column elementor-col-100 elementor-top-column elementor-element elementor-element-83464af\" data-id=\"83464af\" data-element_type=\"column\">\n\t\t\t<div class=\"elementor-widget-wrap\">\n\t\t\t\t\t\t\t<\/div>\n\t\t<\/div>\n\t\t\t\t\t<\/div>\n\t\t<\/section>\n\t\t\t\t<\/div>\n\t\t","protected":false},"excerpt":{"rendered":"<p>Familienklasse Limmattal &#8211; Familien sind Klasse! Sie m\u00f6chten mehr \u00fcber das Angebot erfahren? Klicken Sie hier. Haben Sie Interesse an einer Teilnahme? Melden Sie sich direkt bei uns oder \u00fcber die Klassenlehrperson Ihres Kindes.Gerne stellen wir Ihnen unser Angebot unverbindlich vor.\u00a0\u00a0\u00a0\u00a0\u00a0\u00a0\u00a0\u00a0\u00a0\u00a0\u00a0\u00a0\u00a0\u00a0\u00a0\u00a0\u00a0\u00a0\u00a0\u00a0\u00a0\u00a0 \u00a0Eva Schilling, Elisa Ruoff, Familienklasse Limmattalelisa.ruoff@schulen.zuerich.ch | eva.schilling@schulen.zuerich.ch Familienklasse-Familien: Hier ist der Zugang zum&hellip;&nbsp;<a href=\"https:\/\/familienklasse.ch\/\" rel=\"bookmark\">Weiterlesen &raquo;<span class=\"screen-reader-text\">Landing-Page<\/span><\/a><\/p>\n","protected":false},"author":1,"featured_media":0,"parent":0,"menu_order":0,"comment_status":"closed","ping_status":"closed","template":"elementor_header_footer","meta":{"neve_meta_sidebar":"full-width","neve_meta_container":"","neve_meta_enable_content_width":"on","neve_meta_content_width":100,"neve_meta_title_alignment":"","neve_meta_author_avatar":"","neve_post_elements_order":"","neve_meta_disable_header":"on","neve_meta_disable_footer":"on","neve_meta_disable_title":"","footnotes":""},"_links":{"self":[{"href":"https:\/\/familienklasse.ch\/index.php?rest_route=\/wp\/v2\/pages\/215"}],"collection":[{"href":"https:\/\/familienklasse.ch\/index.php?rest_route=\/wp\/v2\/pages"}],"about":[{"href":"https:\/\/familienklasse.ch\/index.php?rest_route=\/wp\/v2\/types\/page"}],"author":[{"embeddable":true,"href":"https:\/\/familienklasse.ch\/index.php?rest_route=\/wp\/v2\/users\/1"}],"replies":[{"embeddable":true,"href":"https:\/\/familienklasse.ch\/index.php?rest_route=%2Fwp%2Fv2%2Fcomments&post=215"}],"version-history":[{"count":143,"href":"https:\/\/familienklasse.ch\/index.php?rest_route=\/wp\/v2\/pages\/215\/revisions"}],"predecessor-version":[{"id":607,"href":"https:\/\/familienklasse.ch\/index.php?rest_route=\/wp\/v2\/pages\/215\/revisions\/607"}],"wp:attachment":[{"href":"https:\/\/familienklasse.ch\/index.php?rest_route=%2Fwp%2Fv2%2Fmedia&parent=215"}],"curies":[{"name":"wp","href":"https:\/\/api.w.org\/{rel}","templated":true}]}}